 o?
15
Suppose -25*l + 50 = 450. Calculate the remainder when 350 is divided by (-22)/(-9 + (-136)/l).
42
Let c(j) = 72*j - 98. Suppose 9*o + 2 - 20 = 0. What is the remainder when 139 is divided by c(o)?
1
Suppose 4*c = -27164 + 27336. Let y(s) = -50*s - 22. What is the remainder when y(-3) is divided by c?
42
Let w(c) = -600*c + 11610. Suppose -4*d = -16, -22 - 241 = -5*o + 3*d. What is the remainder when w(19) is divided by o?
45
Suppose 510*i - 1077*i + 825 = -534*i. What is the remainder when 414 is divided by i?
14
Let d be 7 - (12/2 - 2). Suppose 6*m + m - 217 = 0. What is the remainder when (-2 - (-1 - 2))*(d + 88) is divided by m?
29
Let g(v) = -39*v**3 + 5*v**2 + 3*v - 1. Calculate the remainder when 58 is divided by g(-1).
18
Suppose g = -h + 549, 5*h = -4*g + 3224 - 480. What is the remainder when h is divided by 108?
8
Suppose -8*v - 2376 = -0*v. What is the remainder when 7 is divided by 54/v - 46/(-11)?
3
Suppose -144 = -3*m - 0*m. What is the remainder when m is divided by 3*14/(-42) + 16?
3
Let q = -166 - -186. Calculate the remainder when 96 is divided by (-11)/(22/(-36)) + q/(-5).
12
Let x be -138*(28/(-8) - -5). Let b = 259 + x. What is the remainder when b is divided by 9?
7
Suppose -3*w = 4*y - 233, 5*w - 304*y = -302*y + 397. What is the remainder when 199 is divided by w?
41
Let r(h) = 3*h**2 + 41*h + 88. Calculate the remainder when 4796 is divided by r(-16).
196
Let u(b) = b**2 + 33*b - 30. Let s be u(-34). Suppose 65 = i + 4*x, -i - s*x = x - 67. Calculate the remainder when 683 is divided by i.
56
Suppose -33*z + 28*z + 15 = 0, 5*u - z - 2512 = 0. What is the remainder when u is divided by 44?
19
Suppose 11*o - 21 = 10*o. Let y = -273 + 436. What is the remainder when y is divided by o?
16
Suppose -u = -9 - 31. What is the remainder when (159 - 0) + -7 + -1 is divided by u?
31
Let f = -313 + 332. Suppose -124*w + f = -123*w. Calculate the remainder when 132 is divided by w.
18
Let n(k) = 1. Let i(c) = 2*c - 12. Let j(x) = i(x) + 3*n(x). Let v be (1539/(-18))/(-19)*(48/(-9))/(-4). What is the remainder when 5 is divided by j(v)?
2
Suppose 0 = -82*a + 7925 + 8393. Calculate the remainder when a is divided by 11.
1
Suppose 285*o + 1636 = 289*o. Let l = -136 + o. Calculate the remainder when l is divided by 69.
66
Let z = 27 - 10. Let o = -2068 + 2091. Calculate the remainder when o is divided by z.
6
Let f = 80 + -65. Suppose 3*z = 5*v + 21 + f, z + 3*v = 12. Calculate the remainder when 129 is divided by z.
9
Let b(l) = -26*l + 55. Let o be b(-6). Let a = -178 + o. What is the remainder when 52 is divided by a?
19
Suppose -r + 5*r - 12 = 0. Let g be (-3)/9 - (-4835)/15. Let y = g + -320. What is the remainder when r is divided by y?
1
Suppose 2*o - 46 = -3*k, o - 8 = k - 3*o. Let v(l) = 3*l**2 + l. What is the remainder when k is divided by v(-2)?
2
Let i be 144/(-20) - ((-14)/(-5) + -3). Let x = i - -17. Let m = 3 + 35. Calculate the remainder when m is divided by x.
8
Let f = 14158 + -13990. Calculate the remainder when 4366 is divided by f.
166
Suppose -8*y - 5*x - 7 = -10*y, -5*x = -15. What is the remainder when -26*(-8)/16*y is divided by 37?
32
Let f = -1 - -6. Suppose 0*h = -x - f*h - 27, -2*x - 45 = h. Calculate the remainder when -1 + 4/x + (-664)/(-22) is divided by 10.
9
Suppose 6*a + 16*p = 20*p + 948, -5*a + 5*p = -795. What is the remainder when 2336 is divided by a?
152
Suppose -48 = -4*m + 33*d - 37*d, 2*m + 3*d = 23. Suppose 35 = 6*a + a. What is the remainder when m is divided by a?
3
Let w(z) = -9*z + 136. What is the remainder when 206 is divided by w(12)?
10
Suppose 339*f - 36*f = -36*f + 18306. Calculate the remainder when 297 is divided by f.
27
Let h(p) = p**3 - 2*p**2 + 4*p - 3. Let t be h(1). Suppose -332*j + 326*j + 144 = t. Calculate the remainder when 285 is divided by j.
21
Calculate the remainder when 799/7 - -4*18/84 is divided by 12.
7
Calculate the remainder when 4846 is divided by 3/(-1) + 51 + 0/(-24).
46
Let m = -210 + 206. Calculate the remainder when (-6)/m + 4255/46 is divided by 25.
19
Let z(a) = a**2 - 4*a - 4. Let s(n) = -14*n - 156. Let v(c) = -c**2 + 5*c + 2. Let p be v(7). What is the remainder when s(p) is divided by z(6)?
4
Suppose 313 = 3*x - 1016. Suppose -136*n - 331*n - 130*n + 27859 = -5573. Calculate the remainder when x is divided by n.
51
Let w = -63 + 82. Let d(p) = 7*p - 1. Let j be d(1). Suppose -j - 64 = -2*c. What is the remainder when c is divided by w?
16
Suppose -40*j + 37*j - 549 = 0. Let p be (-4)/24 - j/18. Calculate the remainder when 90 is divided by p + -8 + (11 + 0)*4.
44
Let v(n) = 2*n**2 + 3*n + 1. Suppose 8*h - 3*h + i - 507 = 0, 4*i + 12 = 0. What is the remainder when h is divided by v(2)?
12
Let w be 2 + 5 - (-2)/(-2). Suppose -5*u = 3*t - 52, w*u - u - 2*t - 57 = 0. Suppose 9741 = -38*j + 10843. Calculate the remainder when j is divided by u.
7
Suppose -2*y + 9 = -3*z + 97, 3*z - 74 = -5*y. Let t be 7/z - 670/(-8). Suppose -255 = -3*k + t. Calculate the remainder when k is divided by 38.
37
Suppose -p + 3 = -8. Let f = 1719 - 1665. What is the remainder when f is divided by p?
10
Let x = 2080 + -2064. What is the remainder when 396 is divided by x?
12
Let c(a) = -238*a + 1182. What is the remainder when c(-12) is divided by 10?
8
Suppose 15032 = 303*o + 4176 - 11869. What is the remainder when o is divided by 30?
15
Let s(o) = o**3 - 4*o**2 + 7*o - 7. Let n be 2696/(-32)*(2 + 0 + -6). Let c = 364 - n. What is the remainder when s(6) is divided by c?
26
Let n = 2598 - 2595. Suppose -4*y = 3*x - 8, -5*y - 3*x + 2*x = -10. Calculate the remainder when n is divided by y.
1
Let l(a) = -4*a**2 - 14*a + 8. Let s be l(-6). Let v = 15 + 8. Calculate the remainder when v is divided by 1/(-1)*s/4.
10
Let q = 2789 + -2727. What is the remainder when 210 is divided by q?
24
Let a be (10/(160/(-24)))/((-2)/(-4)). What is the remainder when (a - -419) + 1/1 is divided by 22?
21
Let o(q) = 70*q + 43. Let u be o(7). Suppose u = 5*x + 3. Suppose h - 4*c - 24 - 12 = 0, 4*h = -3*c + x. What is the remainder when h is divided by 6?
4
Let l(k) = -k + 35. Suppose 0 = -5*c - 5*s - 185, 0*c - 3*c = 5*s + 119. Calculate the remainder when l(19) is divided by 18/c + 315/33.
7
Let h(z) = 71*z - 6 + 15 - 18*z + 110 + 61. Let x(o) = -o**3 - 6*o**2 - 3*o - 7. Calculate the remainder when h(-3) is divided by x(-6).
10
Suppose -6*x + 137 = -5*x + 3*c, -4*x + 3*c = -503. Let s = x - 111. Calculate the remainder when 45 is divided by s.
11
Suppose 0 = -2*c - g + 867, -4*c - 4*g = g - 1737. Suppose -5*k + 497 = -c. Calculate the remainder when 23 is divided by k/9 - (-2)/(-3).
3
Let q be (-6)/9*(0 - -6). Let y = -16 + q. Calculate the remainder when 41 is divided by (-272)/y - (-2)/5.
13
Let n = -10674 - -19562. Calculate the remainder when n is divided by 17.
14
Suppose 0 = -t + 155 + 13. Calculate the remainder when t is divided by 2/(3*4/114).
16
Suppose i + 193 = v, 168 = v + 3*i + i. What is the remainder when v is divided by 92?
4
Let f = -203 - -1603. What is the remainder when f is divided by 42?
14
Suppose -5*m + 0 + 12 = 4*i, -2*m + 16 = -4*i. Suppose m*c - 21 = 3. What is the remainder when ((-165)/c + 2)*-4 is divided by 35?
32
Let o = 476 + -471. Suppose p = -1, -o*a = -2*a - p - 511. What is the remainder when a is divided by 38?
18
Let i(x) = 129*x - 11344. Let f = 295 + -65. What is the remainder when f is divided by i(88)?
6
What is the remainder when 923 is divided by 29/58*(-11)/(-2)*(-24)/(-1)?
65
Let x(q) = 3198*q + 1 - 3201*q + 4. Calculate the remainder when 251 is divided by x(-3).
13
Let f(c) = 31*c - 13. Let j be (-1700)/(-24) - (-3)/18. Suppose 79 - j = 2*x. What is the remainder when f(x) is divided by 29?
24
Let p be (-1)/(-1)*(102 - 36). Let t = p + 62. Calculate the remainder when t is divided by 13.
11
Let n(r) = -r**2 - 10*r - 2. Let g(f) = 1073*f - 4261. Calculate the remainder when g(4) is divided by n(-7).
12
Let n = -15 - -32. Let j(x) = 33*x**2 - 5929*x - 1913. Calculate the remainder when j(180) is divided by n.
16
Let b = 8927 - 8862. Calculate the remainder when 690 is divided by b.
40
Let v be 0 + 2/3 + (-39)/(-9). Suppose 5*d - 210 = v*m, -4*m = 2*d - m - 109. What is the remainder when 420 is divided by d?
44
Suppose 265 = 37*c